Last updated on 2025-11-04 13:50:12 CET.
| Flavor | Version | Tinstall | Tcheck | Ttotal | Status | Flags |
|---|---|---|---|---|---|---|
| r-devel-linux-x86_64-debian-clang | 1.0-15 | 119.83 | 309.63 | 429.46 | OK | |
| r-devel-linux-x86_64-debian-gcc | 1.0-15 | 82.80 | 204.76 | 287.56 | OK | |
| r-devel-linux-x86_64-fedora-clang | 1.0-15 | 472.00 | 300.74 | 772.74 | OK | |
| r-devel-linux-x86_64-fedora-gcc | 1.0-15 | 247.00 | 448.14 | 695.14 | OK | |
| r-devel-windows-x86_64 | 1.0-15 | 155.00 | 352.00 | 507.00 | OK | |
| r-patched-linux-x86_64 | 1.0-15 | 136.49 | 295.44 | 431.93 | OK | |
| r-release-linux-x86_64 | 1.0-15 | 123.00 | 290.99 | 413.99 | OK | |
| r-release-macos-arm64 | 1.0-15 | 48.00 | 125.00 | 173.00 | OK | |
| r-release-macos-x86_64 | 1.0-15 | 80.00 | 309.00 | 389.00 | OK | |
| r-release-windows-x86_64 | 1.0-15 | 135.00 | 340.00 | 475.00 | OK | |
| r-oldrel-macos-arm64 | 1.0-15 | 47.00 | 137.00 | 184.00 | NOTE | |
| r-oldrel-macos-x86_64 | 1.0-15 | 87.00 | 234.00 | 321.00 | NOTE | |
| r-oldrel-windows-x86_64 | 1.0-15 | 174.00 | 474.00 | 648.00 | NOTE |
Version: 1.0-15
Check: package dependencies
Result: NOTE
Packages which this enhances but not available for checking:
'Rcplex', 'gurobi', 'rcbc'
Flavors: r-oldrel-macos-arm64, r-oldrel-macos-x86_64, r-oldrel-windows-x86_64
Version: 1.0-15
Check: installed package size
Result: NOTE
installed size is 10.5Mb
sub-directories of 1Mb or more:
R 3.1Mb
doc 1.2Mb
help 1.1Mb
libs 4.7Mb
Flavors: r-oldrel-macos-arm64, r-oldrel-macos-x86_64, r-oldrel-windows-x86_64