CRAN Package Check Results for Package BayesianTools

Last updated on 2025-11-04 13:50:10 CET.

Flavor Version Tinstall Tcheck Ttotal Status Flags
r-devel-linux-x86_64-debian-clang 0.1.8 25.19 228.66 253.85 NOTE
r-devel-linux-x86_64-debian-gcc 0.1.8 16.55 143.32 159.87 NOTE
r-devel-linux-x86_64-fedora-clang 0.1.8 78.00 329.05 407.05 NOTE
r-devel-linux-x86_64-fedora-gcc 0.1.8 112.00 314.53 426.53 NOTE
r-devel-windows-x86_64 0.1.8 31.00 231.00 262.00 NOTE
r-patched-linux-x86_64 0.1.8 25.35 214.18 239.53 NOTE
r-release-linux-x86_64 0.1.8 24.98 219.82 244.80 NOTE
r-release-macos-arm64 0.1.8 11.00 90.00 101.00 NOTE
r-release-macos-x86_64 0.1.8 19.00 193.00 212.00 NOTE
r-release-windows-x86_64 0.1.8 30.00 229.00 259.00 NOTE
r-oldrel-macos-arm64 0.1.8 12.00 86.00 98.00 NOTE
r-oldrel-macos-x86_64 0.1.8 17.00 136.00 153.00 NOTE
r-oldrel-windows-x86_64 0.1.8 40.00 313.00 353.00 NOTE

Check Details

Version: 0.1.8
Check: Rd files
Result: NOTE checkRd: (-1) DE.Rd:43: Lost braces in \itemize; meant \describe ? checkRd: (-1) DE.Rd:44: Lost braces in \itemize; meant \describe ? checkRd: (-1) DE.Rd:45: Lost braces in \itemize; meant \describe ? checkRd: (-1) DE.Rd:46: Lost braces in \itemize; meant \describe ? checkRd: (-1) DEzs.Rd:58: Lost braces in \itemize; meant \describe ? checkRd: (-1) DEzs.Rd:59: Lost braces in \itemize; meant \describe ? checkRd: (-1) DEzs.Rd:60: Lost braces in \itemize; meant \describe ? checkRd: (-1) DEzs.Rd:61: Lost braces in \itemize; meant \describe ? Flavors: r-devel-linux-x86_64-debian-clang, r-devel-linux-x86_64-debian-gcc, r-devel-linux-x86_64-fedora-clang, r-devel-linux-x86_64-fedora-gcc, r-devel-windows-x86_64, r-patched-linux-x86_64, r-release-linux-x86_64, r-release-macos-arm64, r-release-macos-x86_64, r-release-windows-x86_64, r-oldrel-macos-arm64, r-oldrel-macos-x86_64, r-oldrel-windows-x86_64