Last updated on 2024-07-16 18:49:04 CEST.
Flavor | Version | Tinstall | Tcheck | Ttotal | Status | Flags |
---|---|---|---|---|---|---|
r-devel-linux-x86_64-debian-clang | 0.1.1 | 6.40 | 63.27 | 69.67 | NOTE | |
r-devel-linux-x86_64-debian-gcc | 0.1.1 | 6.06 | 49.03 | 55.09 | NOTE | |
r-devel-linux-x86_64-fedora-clang | 0.1.1 | 91.50 | NOTE | |||
r-devel-linux-x86_64-fedora-gcc | 0.1.1 | 85.87 | NOTE | |||
r-devel-windows-x86_64 | 0.1.1 | 8.00 | 65.00 | 73.00 | NOTE | |
r-patched-linux-x86_64 | 0.1.1 | 4.80 | 61.71 | 66.51 | NOTE | |
r-release-linux-x86_64 | 0.1.1 | 7.85 | 62.58 | 70.43 | NOTE | |
r-release-macos-arm64 | 0.1.1 | 29.00 | NOTE | |||
r-release-macos-x86_64 | 0.1.1 | 43.00 | NOTE | |||
r-release-windows-x86_64 | 0.1.1 | 8.00 | 66.00 | 74.00 | NOTE | |
r-oldrel-macos-arm64 | 0.1.1 | 31.00 | NOTE | |||
r-oldrel-macos-x86_64 | 0.1.1 | 44.00 | NOTE | |||
r-oldrel-windows-x86_64 | 0.1.1 | 10.00 | 74.00 | 84.00 | NOTE |
Version: 0.1.1
Check: LazyData
Result: NOTE
'LazyData' is specified without a 'data' directory
Flavors: r-devel-linux-x86_64-debian-clang, r-devel-linux-x86_64-debian-gcc, r-devel-linux-x86_64-fedora-clang, r-devel-linux-x86_64-fedora-gcc, r-devel-windows-x86_64, r-patched-linux-x86_64, r-release-linux-x86_64, r-release-macos-arm64, r-release-macos-x86_64, r-release-windows-x86_64, r-oldrel-macos-arm64, r-oldrel-macos-x86_64, r-oldrel-windows-x86_64