Last updated on 2025-11-04 13:50:10 CET.
| Flavor | Version | Tinstall | Tcheck | Ttotal | Status | Flags |
|---|---|---|---|---|---|---|
| r-devel-linux-x86_64-debian-clang | 1.1.4 | 11.59 | 69.09 | 80.68 | OK | |
| r-devel-linux-x86_64-debian-gcc | 1.1.4 | 7.91 | 50.22 | 58.13 | OK | |
| r-devel-linux-x86_64-fedora-clang | 1.1.4 | 30.00 | 88.79 | 118.79 | OK | |
| r-devel-linux-x86_64-fedora-gcc | 1.1.4 | 24.00 | 105.92 | 129.92 | OK | |
| r-devel-windows-x86_64 | 1.1.4 | 13.00 | 112.00 | 125.00 | OK | |
| r-patched-linux-x86_64 | 1.1.4 | 11.86 | 65.33 | 77.19 | OK | |
| r-release-linux-x86_64 | 1.1.4 | 10.23 | 66.57 | 76.80 | OK | |
| r-release-macos-arm64 | 1.1.4 | 6.00 | 39.00 | 45.00 | OK | |
| r-release-macos-x86_64 | 1.1.4 | 18.00 | 96.00 | 114.00 | OK | |
| r-release-windows-x86_64 | 1.1.4 | 14.00 | 102.00 | 116.00 | OK | |
| r-oldrel-macos-arm64 | 1.1.4 | 11.00 | 77.00 | 88.00 | OK | |
| r-oldrel-macos-x86_64 | 1.1.4 | 20.00 | 94.00 | 114.00 | NOTE | |
| r-oldrel-windows-x86_64 | 1.1.4 | 20.00 | 118.00 | 138.00 | OK |
Version: 1.1.4
Check: installed package size
Result: NOTE
installed size is 5.0Mb
sub-directories of 1Mb or more:
data 3.5Mb
Flavor: r-oldrel-macos-x86_64