Last updated on 2025-11-04 13:50:09 CET.
| Flavor | Version | Tinstall | Tcheck | Ttotal | Status | Flags |
|---|---|---|---|---|---|---|
| r-devel-linux-x86_64-debian-clang | 1.8.3 | 33.09 | 75.69 | 108.78 | OK | |
| r-devel-linux-x86_64-debian-gcc | 1.8.3 | 24.60 | 54.69 | 79.29 | OK | |
| r-devel-linux-x86_64-fedora-clang | 1.8.3 | 79.00 | 113.52 | 192.52 | OK | |
| r-devel-linux-x86_64-fedora-gcc | 1.8.3 | 86.00 | 123.43 | 209.43 | OK | |
| r-devel-windows-x86_64 | 1.8.3 | 39.00 | 107.00 | 146.00 | OK | |
| r-patched-linux-x86_64 | 1.8.3 | 37.25 | 84.21 | 121.46 | OK | |
| r-release-linux-x86_64 | 1.8.3 | 36.02 | 71.18 | 107.20 | OK | |
| r-release-macos-arm64 | 1.8.3 | 15.00 | 52.00 | 67.00 | OK | |
| r-release-macos-x86_64 | 1.8.3 | 31.00 | 89.00 | 120.00 | OK | |
| r-release-windows-x86_64 | 1.8.3 | 40.00 | 98.00 | 138.00 | OK | |
| r-oldrel-macos-arm64 | 1.8.3 | 13.00 | 44.00 | 57.00 | NOTE | |
| r-oldrel-macos-x86_64 | 1.8.3 | 37.00 | 124.00 | 161.00 | NOTE | |
| r-oldrel-windows-x86_64 | 1.8.3 | 50.00 | 125.00 | 175.00 | OK |
Version: 1.8.3
Check: installed package size
Result: NOTE
installed size is 5.6Mb
sub-directories of 1Mb or more:
doc 1.4Mb
libs 3.6Mb
Flavors: r-oldrel-macos-arm64, r-oldrel-macos-x86_64